{"id":403,"date":"2025-05-29T17:27:44","date_gmt":"2025-05-29T17:27:44","guid":{"rendered":"https:\/\/transfrontaliera.upt.ro\/\/evenimente\/era-min-team-present-at-festem-2025\/"},"modified":"2025-11-24T09:23:15","modified_gmt":"2025-11-24T09:23:15","slug":"era-min-team-present-at-festem-2025","status":"publish","type":"evenimente","link":"https:\/\/transfrontaliera.upt.ro\/en\/events\/era-min-team-present-at-festem-2025\/","title":{"rendered":"ERA-MIN team present at FESTEM 2025"},"content":{"rendered":"\n<p>Primele rezultate ale cercet\u0103rii \u00eentreprins\u0103 \u00een cadrul proiectului \u201eEvaluarea riscului de mediu din activit\u0103\u021bi miniere ca urmare a depozit\u0103rii sterilului \u00een zona transfrontalier\u0103 Rom\u00e2nia \u2013 Serbia &#8211; ERA-MIN_RO-SRB\u201d au fost diseminate c\u0103tre comunitatea \u0219tiin\u021bific\u0103 \u00een cadrul celei de-a 9-a edi\u021bii a conferin\u021bei interna\u021bionale FESTEM 2025 (Federation of European Societies on Trace Elements and Minerals).<\/p>\n\n<p>Lucrarea prezentat\u0103 de \u0219.l. C\u0103lin Muntean, cadru didactic la Universitatea de Medicin\u0103 \u0219i Farmacie Victor Babe\u0219 din Timi\u0219oara a fost primit\u0103 cu interes, bucur\u00e2ndu-se de numeroase \u00eentreb\u0103ri din partea audien\u021bei. Cercetarea cu titlul \u201eStabilirea unui nivel de referin\u021b\u0103 pentru evaluarea riscului de mediu transfrontalier: o revizuire sistematic\u0103 a depozit\u0103rii sterilului rezultat din minerit \u00een regiunea transfrontalier\u0103 Rom\u00e2nia (Moldova Nou\u0103)\u00a0&#8211;\u00a0Serbia\u00a0(Bor)\u201d a ap\u0103rut deja \u00een tomul XII\/ 2025 al seriei Acta Metallomica.<\/p>\n\n<p>Felicit\u0103ri autorilor Nicoleta Sorina Neme\u0219, Daniel Kr\u017eanovi\u0107, Milo\u0161 Stojanovi\u0107, Adina Negrea, Petru Negrea, Samanta Petrovic \u0219i C\u0103lin Muntean pentru rezultate.<\/p>\n\n<p><\/p>\n\n<p><\/p>\n\n<figure class=\"wp-block-gallery has-nested-images columns-default is-cropped wp-block-gallery-1 is-layout-flex wp-block-gallery-is-layout-flex\">\n<figure class=\"wp-block-image size-large\"><img loading=\"lazy\" decoding=\"async\" width=\"630\" height=\"475\" data-id=\"359\" src=\"https:\/\/transfrontaliera.upt.ro\/\/wp-content\/uploads\/2025\/05\/Festem-mai-2025-1-1.png\" alt=\"\" class=\"wp-image-359\" srcset=\"https:\/\/transfrontaliera.upt.ro\/wp-content\/uploads\/2025\/05\/Festem-mai-2025-1-1.png 630w, https:\/\/transfrontaliera.upt.ro\/wp-content\/uploads\/2025\/05\/Festem-mai-2025-1-1-300x226.png 300w\" sizes=\"auto, (max-width: 630px) 100vw, 630px\" \/><\/figure>\n\n\n\n<figure class=\"wp-block-image size-large\"><img loading=\"lazy\" decoding=\"async\" width=\"1024\" height=\"400\" data-id=\"352\" src=\"https:\/\/transfrontaliera.upt.ro\/\/wp-content\/uploads\/2025\/05\/Calin-si-Nicoleta-1-1024x400.jpg\" alt=\"\" class=\"wp-image-352\" srcset=\"https:\/\/transfrontaliera.upt.ro\/wp-content\/uploads\/2025\/05\/Calin-si-Nicoleta-1-1024x400.jpg 1024w, https:\/\/transfrontaliera.upt.ro\/wp-content\/uploads\/2025\/05\/Calin-si-Nicoleta-1-300x117.jpg 300w, https:\/\/transfrontaliera.upt.ro\/wp-content\/uploads\/2025\/05\/Calin-si-Nicoleta-1-768x300.jpg 768w, https:\/\/transfrontaliera.upt.ro\/wp-content\/uploads\/2025\/05\/Calin-si-Nicoleta-1-1536x600.jpg 1536w, https:\/\/transfrontaliera.upt.ro\/wp-content\/uploads\/2025\/05\/Calin-si-Nicoleta-1.jpg 1600w\" sizes=\"auto, (max-width: 1024px) 100vw, 1024px\" \/><\/figure>\n\n\n\n<figure class=\"wp-block-image size-large\"><img loading=\"lazy\" decoding=\"async\" width=\"1024\" height=\"768\" data-id=\"356\" src=\"https:\/\/transfrontaliera.upt.ro\/\/wp-content\/uploads\/2025\/05\/Poster-deschidere-1024x768.jpg\" alt=\"\" class=\"wp-image-356\" srcset=\"https:\/\/transfrontaliera.upt.ro\/wp-content\/uploads\/2025\/05\/Poster-deschidere-1024x768.jpg 1024w, https:\/\/transfrontaliera.upt.ro\/wp-content\/uploads\/2025\/05\/Poster-deschidere-300x225.jpg 300w, https:\/\/transfrontaliera.upt.ro\/wp-content\/uploads\/2025\/05\/Poster-deschidere-768x576.jpg 768w, https:\/\/transfrontaliera.upt.ro\/wp-content\/uploads\/2025\/05\/Poster-deschidere-1536x1152.jpg 1536w, https:\/\/transfrontaliera.upt.ro\/wp-content\/uploads\/2025\/05\/Poster-deschidere.jpg 2048w\" sizes=\"auto, (max-width: 1024px) 100vw, 1024px\" \/><\/figure>\n\n\n\n<figure class=\"wp-block-image size-large\"><img loading=\"lazy\" decoding=\"async\" width=\"1024\" height=\"768\" data-id=\"357\" src=\"https:\/\/transfrontaliera.upt.ro\/\/wp-content\/uploads\/2025\/05\/Prezentare-2-1-1024x768.jpg\" alt=\"\" class=\"wp-image-357\" srcset=\"https:\/\/transfrontaliera.upt.ro\/wp-content\/uploads\/2025\/05\/Prezentare-2-1-1024x768.jpg 1024w, https:\/\/transfrontaliera.upt.ro\/wp-content\/uploads\/2025\/05\/Prezentare-2-1-300x225.jpg 300w, https:\/\/transfrontaliera.upt.ro\/wp-content\/uploads\/2025\/05\/Prezentare-2-1-768x576.jpg 768w, https:\/\/transfrontaliera.upt.ro\/wp-content\/uploads\/2025\/05\/Prezentare-2-1-1536x1152.jpg 1536w, https:\/\/transfrontaliera.upt.ro\/wp-content\/uploads\/2025\/05\/Prezentare-2-1.jpg 2048w\" sizes=\"auto, (max-width: 1024px) 100vw, 1024px\" \/><\/figure>\n\n\n\n<figure class=\"wp-block-image size-large\"><img loading=\"lazy\" decoding=\"async\" width=\"1024\" height=\"768\" data-id=\"354\" src=\"https:\/\/transfrontaliera.upt.ro\/\/wp-content\/uploads\/2025\/05\/Prezentare-8-1-1024x768.jpg\" alt=\"\" class=\"wp-image-354\" srcset=\"https:\/\/transfrontaliera.upt.ro\/wp-content\/uploads\/2025\/05\/Prezentare-8-1-1024x768.jpg 1024w, https:\/\/transfrontaliera.upt.ro\/wp-content\/uploads\/2025\/05\/Prezentare-8-1-300x225.jpg 300w, https:\/\/transfrontaliera.upt.ro\/wp-content\/uploads\/2025\/05\/Prezentare-8-1-768x576.jpg 768w, https:\/\/transfrontaliera.upt.ro\/wp-content\/uploads\/2025\/05\/Prezentare-8-1-1536x1152.jpg 1536w, https:\/\/transfrontaliera.upt.ro\/wp-content\/uploads\/2025\/05\/Prezentare-8-1.jpg 2048w\" sizes=\"auto, (max-width: 1024px) 100vw, 1024px\" \/><\/figure>\n<\/figure>\n\n<figure class=\"wp-block-gallery has-nested-images columns-default is-cropped wp-block-gallery-2 is-layout-flex wp-block-gallery-is-layout-flex\"><\/figure>\n\n<figure class=\"wp-block-gallery has-nested-images columns-default is-cropped wp-block-gallery-3 is-layout-flex wp-block-gallery-is-layout-flex\"><\/figure>\n","protected":false},"excerpt":{"rendered":"<p>Primele rezultate ale cercet\u0103rii \u00eentreprins\u0103 \u00een cadrul proiectului \u201eEvaluarea riscului de mediu din activit\u0103\u021bi miniere ca urmare a depozit\u0103rii sterilului \u00een zona transfrontalier\u0103 Rom\u00e2nia \u2013 Serbia &#8211; ERA-MIN_RO-SRB\u201d au fost diseminate c\u0103tre comunitatea \u0219tiin\u021bific\u0103 \u00een cadrul celei de-a 9-a edi\u021bii a conferin\u021bei interna\u021bionale FESTEM 2025 (Federation of European Societies on Trace Elements and Minerals). Lucrarea [&hellip;]<\/p>\n","protected":false},"featured_media":360,"template":"","class_list":["post-403","evenimente","type-evenimente","status-publish","has-post-thumbnail","hentry"],"acf":[],"aioseo_notices":[],"_links":{"self":[{"href":"https:\/\/transfrontaliera.upt.ro\/en\/wp-json\/wp\/v2\/evenimente\/403","targetHints":{"allow":["GET"]}}],"collection":[{"href":"https:\/\/transfrontaliera.upt.ro\/en\/wp-json\/wp\/v2\/evenimente"}],"about":[{"href":"https:\/\/transfrontaliera.upt.ro\/en\/wp-json\/wp\/v2\/types\/evenimente"}],"wp:featuredmedia":[{"embeddable":true,"href":"https:\/\/transfrontaliera.upt.ro\/en\/wp-json\/wp\/v2\/media\/360"}],"wp:attachment":[{"href":"https:\/\/transfrontaliera.upt.ro\/en\/wp-json\/wp\/v2\/media?parent=403"}],"curies":[{"name":"wp","href":"https:\/\/api.w.org\/{rel}","templated":true}]}}

<p>Primele rezultate ale cercetării întreprinsă în cadrul proiectului „Evaluarea riscului de mediu din activități miniere ca urmare a depozitării sterilului în zona transfrontalieră România – Serbia &#8211; ERA-MIN_RO-SRB” au fost diseminate către comunitatea științifică în cadrul celei de-a 9-a ediții a conferinței internaționale FESTEM 2025 (Federation of European Societies on Trace Elements and Minerals).</p>

<p>Lucrarea prezentată de ș.l. Călin Muntean, cadru didactic la Universitatea de Medicină și Farmacie Victor Babeș din Timișoara a fost primită cu interes, bucurându-se de numeroase întrebări din partea audienței. Cercetarea cu titlul „Stabilirea unui nivel de referință pentru evaluarea riscului de mediu transfrontalier: o revizuire sistematică a depozitării sterilului rezultat din minerit în regiunea transfrontalieră România (Moldova Nouă) &#8211; Serbia (Bor)” a apărut deja în tomul XII/ 2025 al seriei Acta Metallomica.</p>

<p>Felicitări autorilor Nicoleta Sorina Nemeș, Daniel Kržanović, Miloš Stojanović, Adina Negrea, Petru Negrea, Samanta Petrovic și Călin Muntean pentru rezultate.</p>

<p></p>

<p></p>

<figure class="wp-block-gallery has-nested-images columns-default is-cropped wp-block-gallery-1 is-layout-flex wp-block-gallery-is-layout-flex">
<figure class="wp-block-image size-large"><img loading="lazy" decoding="async" width="630" height="475" data-id="359" src="https://transfrontaliera.upt.ro//wp-content/uploads/2025/05/Festem-mai-2025-1-1.png" alt="" class="wp-image-359" srcset="https://transfrontaliera.upt.ro/wp-content/uploads/2025/05/Festem-mai-2025-1-1.png 630w, https://transfrontaliera.upt.ro/wp-content/uploads/2025/05/Festem-mai-2025-1-1-300x226.png 300w" sizes="auto, (max-width: 630px) 100vw, 630px" /></figure>



<figure class="wp-block-image size-large"><img loading="lazy" decoding="async" width="1024" height="400" data-id="352" src="https://transfrontaliera.upt.ro//wp-content/uploads/2025/05/Calin-si-Nicoleta-1-1024x400.jpg" alt="" class="wp-image-352" srcset="https://transfrontaliera.upt.ro/wp-content/uploads/2025/05/Calin-si-Nicoleta-1-1024x400.jpg 1024w, https://transfrontaliera.upt.ro/wp-content/uploads/2025/05/Calin-si-Nicoleta-1-300x117.jpg 300w, https://transfrontaliera.upt.ro/wp-content/uploads/2025/05/Calin-si-Nicoleta-1-768x300.jpg 768w, https://transfrontaliera.upt.ro/wp-content/uploads/2025/05/Calin-si-Nicoleta-1-1536x600.jpg 1536w, https://transfrontaliera.upt.ro/wp-content/uploads/2025/05/Calin-si-Nicoleta-1.jpg 1600w" sizes="auto, (max-width: 1024px) 100vw, 1024px" /></figure>



<figure class="wp-block-image size-large"><img loading="lazy" decoding="async" width="1024" height="768" data-id="356" src="https://transfrontaliera.upt.ro//wp-content/uploads/2025/05/Poster-deschidere-1024x768.jpg" alt="" class="wp-image-356" srcset="https://transfrontaliera.upt.ro/wp-content/uploads/2025/05/Poster-deschidere-1024x768.jpg 1024w, https://transfrontaliera.upt.ro/wp-content/uploads/2025/05/Poster-deschidere-300x225.jpg 300w, https://transfrontaliera.upt.ro/wp-content/uploads/2025/05/Poster-deschidere-768x576.jpg 768w, https://transfrontaliera.upt.ro/wp-content/uploads/2025/05/Poster-deschidere-1536x1152.jpg 1536w, https://transfrontaliera.upt.ro/wp-content/uploads/2025/05/Poster-deschidere.jpg 2048w" sizes="auto, (max-width: 1024px) 100vw, 1024px" /></figure>



<figure class="wp-block-image size-large"><img loading="lazy" decoding="async" width="1024" height="768" data-id="357" src="https://transfrontaliera.upt.ro//wp-content/uploads/2025/05/Prezentare-2-1-1024x768.jpg" alt="" class="wp-image-357" srcset="https://transfrontaliera.upt.ro/wp-content/uploads/2025/05/Prezentare-2-1-1024x768.jpg 1024w, https://transfrontaliera.upt.ro/wp-content/uploads/2025/05/Prezentare-2-1-300x225.jpg 300w, https://transfrontaliera.upt.ro/wp-content/uploads/2025/05/Prezentare-2-1-768x576.jpg 768w, https://transfrontaliera.upt.ro/wp-content/uploads/2025/05/Prezentare-2-1-1536x1152.jpg 1536w, https://transfrontaliera.upt.ro/wp-content/uploads/2025/05/Prezentare-2-1.jpg 2048w" sizes="auto, (max-width: 1024px) 100vw, 1024px" /></figure>



<figure class="wp-block-image size-large"><img loading="lazy" decoding="async" width="1024" height="768" data-id="354" src="https://transfrontaliera.upt.ro//wp-content/uploads/2025/05/Prezentare-8-1-1024x768.jpg" alt="" class="wp-image-354" srcset="https://transfrontaliera.upt.ro/wp-content/uploads/2025/05/Prezentare-8-1-1024x768.jpg 1024w, https://transfrontaliera.upt.ro/wp-content/uploads/2025/05/Prezentare-8-1-300x225.jpg 300w, https://transfrontaliera.upt.ro/wp-content/uploads/2025/05/Prezentare-8-1-768x576.jpg 768w, https://transfrontaliera.upt.ro/wp-content/uploads/2025/05/Prezentare-8-1-1536x1152.jpg 1536w, https://transfrontaliera.upt.ro/wp-content/uploads/2025/05/Prezentare-8-1.jpg 2048w" sizes="auto, (max-width: 1024px) 100vw, 1024px" /></figure>
</figure>

<figure class="wp-block-gallery has-nested-images columns-default is-cropped wp-block-gallery-2 is-layout-flex wp-block-gallery-is-layout-flex"></figure>

<figure class="wp-block-gallery has-nested-images columns-default is-cropped wp-block-gallery-3 is-layout-flex wp-block-gallery-is-layout-flex"></figure>

<p>Primele rezultate ale cercetării întreprinsă în cadrul proiectului „Evaluarea riscului de mediu din activități miniere ca urmare a depozitării sterilului în zona transfrontalieră România – Serbia &#8211; ERA-MIN_RO-SRB” au fost diseminate către comunitatea științifică în cadrul celei de-a 9-a ediții a conferinței internaționale FESTEM 2025 (Federation of European Societies on Trace Elements and Minerals). Lucrarea [&hellip;]</p>
